is the remainder when k(-4) is divided by x(5)?
3
Let h(y) = -y**3 - 5*y**2 - 5*y - 11. Let x be 5/(1 + 0/1). Suppose 3*r = 2*m - 95, x*m + r - 25 = 170. What is the remainder when m is divided by h(-5)?
12
Let t(l) = -4*l + 19. Let o be t(6). Let i = 12 - o. What is the remainder when 30 is divided by i?
13
Let d(m) = -m**2 - 13*m + 34. Let q be d(-15). Suppose 5*r + 10 = 0, q*f - 346 + 84 = -r. Calculate the remainder when f is divided by 17.
15
Suppose 0 = 3*q + j - 32, 0*q + 2*q + 4*j - 28 = 0. Let v(l) = 19*l**2 - l. Calculate the remainder when v(-2) is divided by q.
8
Let m(o) = -o**3 - 4*o**2 + 8*o + 5. What is the remainder when 8*2/(8/42) is divided by m(-6)?
26
Suppose 0 = p - 5*t - 244 + 67, 0 = 5*p + 4*t - 769. What is the remainder when p is divided by 21?
10
Suppose -a = 2*z - 220, a = -3*z + 97 + 233. Calculate the remainder when 324 is divided by z.
104
Suppose 8*v - 28 = 12. Let q(w) = w**2 - w - 2. What is the remainder when 52 is divided by q(v)?
16
Let q = 200 - 123. Calculate the remainder when q is divided by 28.
21
Suppose 0 = 2*n + 2*y - 5*y - 332, n - 156 = -y. Calculate the remainder when n is divided by 11.
6
Let p(o) = -o + 9 + 48 - 68*o**3 + o - 58. Suppose 4*f - 1 = -5. What is the remainder when p(f) is divided by 17?
16
Let k(q) = -1. Let y(p) = -p + 5. Let r(g) = k(g) + y(g). Calculate the remainder when 52 is divided by r(-5).
7
Let h = 11 + 20. What is the remainder when 62 is divided by h?
0
Let x be ((-9)/(-2))/(6/8). Let z(v) = 2*v**2 - 6*v + 5. Let t(l) = 13*l**3 + 2*l**2 - 1. What is the remainder when z(x) is divided by t(1)?
13
Suppose -4*n + 0*n + 116 = -3*g, 5*g - 4*n = -180. Let x = g + 47. Let a = x + -9. Calculate the remainder when 22 is divided by a.
4
Suppose 0 = u - 2, -u + 41 = 3*c - 963. Suppose -s - 78 = -3*r + 118, 2*s = -5*r + c. What is the remainder when r is divided by 17?
15
Suppose 0 = -0*c + 11*c - 132. Suppose -4*q + 5*f + 145 = 0, f - 4*f + 129 = 3*q. What is the remainder when q is divided by c?
4
Let v = 987 - 955. Calculate the remainder when 83 is divided by v.
19
What is the remainder when 113 is divided by 8/(-44) - ((-2424)/(-88))/(-3)?
5
Let w(z) = -z**2 + 19*z + 1. Let u be w(19). Let i(g) = 5*g**3 - 3*g**2 + 4*g - 2. What is the remainder when i(u) is divided by 2?
0
Let c(h) = -2*h + 11. Let z be 3*4/3 + 1. Let f(v) = v**3 - 5*v**2 + 2*v + 4. Calculate the remainder when c(-21) is divided by f(z).
11
Let d = 438 + -690. Calculate the remainder when (d/24)/((-6)/8) is divided by 12.
2
Let d(m) = -17*m - 1. What is the remainder when -1*((-5292)/180 - 2/(-5)) is divided by d(-1)?
13
Let y = 18 - 26. Calculate the remainder when 29 is divided by 13 - (0 + -2 + y/(-2)).
7
Let z(u) = u**3 + 6*u**2 - u + 17. What is the remainder when 229 is divided by z(-6)?
22
Let u be (-84)/(-63)*(2/2 - 4). Calculate the remainder when 32 - 1 - 1*(3 + u) is divided by 13.
6
Let a(u) = -u**3 + 5*u**2 + 2*u - 4. Suppose 3 = 4*z - 13, 46 = 3*r + 4*z. Let b = r - 7. What is the remainder when 58 is divided by a(b)?
18
What is the remainder when ((-1323)/84)/(6/(-8)) is divided by 11?
10
Let x(s) = 10*s - 3*s + 4*s - s**2 + 9. Suppose j - 9 = -0. What is the remainder when x(j) is divided by 5?
2
What is the remainder when 223 is divided by (28/(-4) + 5)*-4?
7
Suppose -3*w - 103 + 110 = v, 5*v = -5*w + 15. Suppose -8 = 3*q + 4*x, 0 = -2*q - 3*q + 4*x - 24. What is the remainder when 39 is divided by 1/w + (-78)/q?
19
Let s(q) = 2*q**2 - 12*q - 12. Let i be s(9). Suppose -j = 2*j - i. Suppose l - j = 1. Calculate the remainder when 28 is divided by l.
13
Let t(v) = -v**2 - 13*v + 17. Let m = 329 - 230. What is the remainder when m is divided by t(-13)?
14
Suppose 4*c = 4*d + 4, -4*d - 3*c + 1 = -2. Suppose d = -5*p + 108 - 23. Calculate the remainder when p is divided by 10.
7
Let t(c) = 15*c**2 - c - 1. Let v be t(2). Let p be (3 - 1)*v/6. Let g = p - 10. What is the remainder when g is divided by 4?
1
Let q = 48 - 46. Suppose q*u - 105 = -u. What is the remainder when u is divided by 12?
11
Suppose -v + 87 = -3*h, -4*v = -3*h - 193 - 137. Calculate the remainder when v is divided by 21.
18
Let l = 7 + -15. Let b = 1065 - 1035. What is the remainder when 12/3*(-114)/l is divided by b?
27
Let w = 20 + -18. Suppose -3*b - w*r + 139 = 0, 3*r + 204 = 4*b + r. Let t = b + -32. Calculate the remainder when 66 is divided by t.
15
Suppose -q = h - 475, 1 = -q + 3. What is the remainder when h is divided by 22?
11
Suppose -5*a = -t - 1096, -3*t - 229 = -a - 7. Calculate the remainder when a is divided by 23.
12
Suppose 0 = 2*l + 2*l - 120. Let a = -992 - -1079. Calculate the remainder when a is divided by l.
27
Let x = 5 - 15. Calculate the remainder when 88 is divided by (-4)/x - (-176)/10.
16
Suppose 23 = 3*x - 46. What is the remainder when (-8)/(((-130)/140)/13) is divided by x?
20
Let n = 33 - 22. Suppose -2*g - 7 = 3*d + 11, 4*g - 6 = d. Let z(j) = j**3 + 9*j**2 + 13*j + 12. What is the remainder when z(d) is divided by n?
9
Let k = 575 + -545. What is the remainder when 138 is divided by k?
18
What is the remainder when -1 + 0 + (-132)/22 - -91 is divided by 4?
0
Let k be (-16)/(-6) - 2/(-6). Let b(h) = -3*h**2 - 4*h - 1. Let d be b(k). What is the remainder when 28 is divided by (d/(-30))/(4/30)?
8
Let k = 637 + -574. What is the remainder when 267 is divided by k?
15
Suppose 0*i = -8*i + 40. Suppose -i*h + 5*f = -65, 2*f = -f. Calculate the remainder when 75 is divided by h.
10
Let l = -250 - -305. Calculate the remainder when 272 is divided by l.
52
Let m = 12 - 9. Suppose -5*a + 3*y = -y - 7, -5*a = -y + 2. Let o(x) = 4*x**2 + 1. Calculate the remainder when o(a) is divided by m.
2
Let w be 10/2 - 3*(1 + -2). Suppose 4*q - 10 = -5*m, -5*q - 4 = -3*m + 2. Suppose 3*h = m*h + w. What is the remainder when h is divided by 5?
3
Let f be (-74)/(-14) + 1 - (-44)/(-154). Suppose -8*s = -f*s - 76. Calculate the remainder when s is divided by 20.
18
Calculate the remainder when (8/(-6))/2*-219 is divided by 2/14 + 774/21.
35
Calculate the remainder when 15 is divided by ((-7)/21)/(6/(-108)).
3
Let q(y) = -y**2 - 9*y + 11. Let o be q(-12). Let b = 36 + o. Let v(h) = -h**3 + h**2 + 4. Calculate the remainder when v(-3) is divided by b.
7
Suppose 31*p - 130 - 614 = 0. What is the remainder when 2 - -141 - (-1 - -1) is divided by p?
23
Let h = -86 + 47. Let n = h - -108. What is the remainder when n is divided by 12?
9
Suppose -189 = 5*l - 4*p, -2*l + p = -6*l - 168. Let h = -6 - l. Let u(j) = 18*j + 45. Calculate the remainder when h is divided by u(-2).
8
Suppose -39*i + 38*i = -4. Suppose w - 278 = -5*c, 0 = -4*c - w + i*w + 211. What is the remainder when c is divided by 4?
3
Let o(f) = 14*f + 108. Calculate the remainder when 119 is divided by o(-7).
9
Let o = -16 + 24. Let x(j) be the first derivative of -j**4/4 + 7*j**3/3 + 6*j**2 - 10*j + 30. Calculate the remainder when 85 is divided by x(o).
19
Let i = 188 + -111. Let y = -31 + i. What is the remainder when y is divided by 1/(-3) - (-49)/3?
14
Let a = -2 - -9. Let g = -18 + 29. Calculate the remainder when g is divided by ((-7)/(-3))/(a/21).
4
Calculate the remainder when 4*(-216)/80*(-15)/2 is divided by 7.
4
Let z be 4/16 - 46/(-8). Let c(w) = -w**3 + 7*w**2 - 4*w + 3. Calculate the remainder when 29 is divided by c(z).
14
Let g = 49 + -37. Calculate the remainder when 419 is divided by g.
11
Let p(o) be the second derivative of -o**4/12 - 3*o**3/2 - 3*o**2/2 - 2*o. What is the remainder when p(-5) is divided by (-2)/9 + (-1)/(-18)*(92 + 2)?
2
Calculate the remainder when 536 is divided by 82/(-369) - (-1390)/18.
74
Suppose 0 = -10*p + 32 + 228. Calculate the remainder when 933 is divided by p.
23
Let f(b) = b**3 + 18*b**2 + 17*b + 52. What is the remainder when f(-17) is divided by 20?
12
Suppose -u + 87 = -74. Let d = 15061 + -15034. Calculate the remainder when u is divided by d.
26
Let r(a) = a**2 + 4*a - 7. Let u = 3 + 1. Suppose -2*h = 0, -173 - 123 = -u*w + 3*h. Calculate the remainder when w is divided by r(-8).
24
Let i(n) = -n**3 - n**2 + n + 109. Let j(u) = 92*u + 681. Calculate the remainder when i(0) is divided by j(-7).
35
Calculate the remainder when 38 is divided by -3 + 2/(-8)*-20.
0
Let c = -1 - -5. Calculate the remain